48. What is the highest common factor of m and 84?
4
Let a(f) = 3*f**2 - 4*f - 4. Let g be a(-3). Calculate the highest common divisor of g and 5.
5
Suppose 20*o - 16*o = 252. Suppose -5*n = 3 - o. Calculate the greatest common factor of n and 18.
6
Let r(f) = -5*f - 4*f + 7 - 3*f. Let n be r(0). Calculate the highest common divisor of 49 and n.
7
Let h = 57 - 55. Let u = 8 - 4. What is the greatest common divisor of h and u?
2
Suppose 3*w - 256 + 29 = -5*a, -2*a = -w + 72. What is the highest common factor of 1406 and w?
74
Let z be (24/21)/((-2)/(-7)). Suppose -3 = -d, -q - z*q - 3*d = -89. What is the highest common factor of q and 32?
16
Suppose 0 = -4*x + i + 145, -19*x = -20*x - 4*i + 15. Calculate the greatest common factor of x and 280.
35
Let b(x) = -2*x**2 + 8*x**2 + x**2 - 1 + 0*x**2. Let i be b(-1). Suppose -26 = -i*t + 58. Calculate the highest common divisor of t and 21.
7
Suppose 2*z + 1144 = 28*z. What is the greatest common divisor of 550 and z?
22
Let y be (8/(-6))/(5/180). Let t = 72 + y. Let i = -4 + t. What is the greatest common factor of 160 and i?
20
Let u be -4 - (-74)/(0 - -2). Suppose -216 = -3*a + 3*y, -a = 5*y - u - 21. What is the highest common factor of a and 46?
23
Suppose 33*x + 880 = 38*x. What is the greatest common divisor of x and 11?
11
Suppose -7*w + 2*w - x + 81 = 0, -3*x = -3. What is the greatest common divisor of w and 14?
2
Suppose -4*s + i + 4*i = -5, -3*i - 3 = s. Suppose 3*q - 82 - 53 = s. Let d be 8/36 - (-530)/q. Calculate the greatest common factor of d and 4.
4
Let l = -58 - -58. Suppose l = 3*r - 0*r - 75. What is the highest common divisor of r and 50?
25
Let k = -6 + 20. Let m be 3/9*(5 + 1 + 15). Calculate the greatest common factor of m and k.
7
Suppose -4*a + a = 0. Let c = 2 + a. Let i be 10 - (-3)/(30/20). Calculate the highest common factor of i and c.
2
Let w(l) = l**2 - 2*l + 2. Let z(m) = 4*m + 48. Let p be z(-11). Let g be w(p). Calculate the highest common divisor of g and 20.
10
Let m(d) = 85*d - 17. Let g be m(3). Calculate the greatest common factor of 14 and g.
14
Let w be (54/162)/((-53)/27 - -2). Let o = 3 + -2. Let d(b) = 35*b**2 + 2*b - 1. Let u be d(o). Calculate the highest common factor of w and u.
9
Let k = -36 - -46. Suppose 17 = b - 5*n, 4*n + n + k = 0. What is the greatest common factor of b and 14?
7
Let f(j) = 65*j - 10. Let p be f(8). Suppose 6*l - p = -4*l. What is the greatest common divisor of 34 and l?
17
Let f = 4 + 0. Suppose -3 = -f*k + 9. Suppose -k*y = y - 92. What is the greatest common divisor of y and 23?
23
Suppose 4*v + d = 8, v - 7 = -0*v + d. Let s be 84 - (4 + 3 - v). What is the highest common factor of 120 and s?
40
Let l be (2 + 1)/((-9)/(-42)). Suppose 2*u + 2 = -1 + 5. What is the greatest common factor of u and l?
1
Suppose 4*c + 12 = 0, 5*c = 2*w - 7*w. Let y = 0 + w. Suppose y*l - 7 = 17. Calculate the highest common divisor of 32 and l.
8
Suppose 2*d - 5*j - 113 = 0, -j = 5*d - 3*j - 314. Let u(r) = r**3 + 5*r**2 - 3*r - 7. Let f be u(-5). What is the highest common divisor of d and f?
8
Let s(b) = -b**3 - 6*b**2 - b - 1. Let z be s(-6). Let y be z/((-5)/2) + 47. Suppose -4*v = 74 - 194. What is the highest common factor of v and y?
15
Let v be 1/((-2)/22) - -2. Let a = 23 - v. Let k = -2 + 34. Calculate the greatest common factor of a and k.
32
Suppose -5*f + 2*s + 128 = 0, 6*f = 4*f + 4*s + 64. Calculate the highest common divisor of 132 and f.
12
Let l(z) = z**3 - 12*z**2 - 4*z - 106. Let b be l(13). Calculate the highest common divisor of 121 and b.
11
Let k(c) = -43*c - 180. Let q be k(-9). Calculate the greatest common divisor of 46 and q.
23
Let h be 73/4 + (-1)/4. Suppose -d + 2*j = -140, 16*j = 4*d + 17*j - 578. Calculate the greatest common divisor of d and h.
18
Suppose -9*o + 7*o + 5*a + 120 = 0, -2*o + 120 = 2*a. What is the greatest common divisor of o and 12?
12
Let f = 268 - 83. What is the greatest common factor of 37 and f?
37
Suppose -3*z - 5*f = -141, -4*f - 227 = -3*z - 59. Calculate the highest common divisor of 12 and z.
4
Let m(z) = 10*z - 36. Let b be m(9). Let y(q) = -q**2 + 5 + 14*q + 2 - 6 + 2. Let u be y(11). Calculate the highest common factor of b and u.
18
Suppose 2*l = -4*u + 122, -2*l + 5*u + 48 = -56. What is the highest common factor of 12 and l?
3
Let u be 4/10 + 23/5. Suppose -164 - 196 = -u*h. Let g be (-10)/(-25) - 86/(-10). What is the highest common factor of g and h?
9
Let f be ((-72)/(-20))/(23/(-25) - -1). Calculate the greatest common divisor of f and 5.
5
Let r be 4 + ((-96)/(-15))/(3/90). Let g(l) = 8*l**2 + 3*l + 2. Let h be g(-2). What is the greatest common divisor of h and r?
28
Suppose 12 = -h + 2*x + 72, -4*h + 275 = -x. Let l be -2*10*6/9*3. Let o be 420/l*1*(-8)/3. What is the highest common divisor of h and o?
14
Suppose -58 = -3*f + f. Let o = -127 + 330. Calculate the highest common factor of f and o.
29
Let a = 59 - 53. Let i be 3 - (1 + (2 - 66)). What is the highest common factor of a and i?
6
Let p(z) = 12*z**2 + 3*z. Let o be p(-2). Let b be 15/6*-6 - -2. Let i = 15 - b. Calculate the highest common factor of o and i.
14
Suppose -48 = -x - 108*p + 104*p, 3*x - 123 = -5*p. Suppose 2*t - 7*t + 240 = 0. What is the highest common factor of x and t?
12
Let y be ((-24)/(-20))/((-6)/(-15)). Let w = y + -1. Suppose -2*o - w*o = 4*x - 40, 2*x - 20 = 4*o. What is the highest common factor of 2 and x?
2
Let r(z) = 13*z**2 + 2*z + 8. Let y be r(-2). What is the highest common factor of 14 and y?
14
Let x = 1 + 11. Let r = -14 + x. Let p be ((-150)/r)/((-12)/(-8)). What is the greatest common factor of p and 25?
25
Suppose -a + 4*l = 8*l - 175, -2*a - 5*l + 350 = 0. Calculate the greatest common factor of a and 75.
25
Suppose -5*v - 311 = -2*f - 1183, v = -f + 180. Let n = v - 120. Calculate the highest common factor of 7 and n.
7
Suppose -s = -4*s + 33. Suppose 7*k + 636 = 11*k. Suppose -25 = 3*d + h - k, 4*d = 2*h + 172. Calculate the highest common divisor of d and s.
11
Let t be -1 - 0 - 16/(-4). Let k = -3 + 6. What is the highest common divisor of k and t?
3
Suppose 77 = 2*g - 3. Suppose -4*w - 72 = -w. Let o = g - w. What is the greatest common factor of 16 and o?
16
Let h = -282 + 296. What is the highest common divisor of h and 210?
14
Let y(g) = g**3 + 17*g**2 - 5*g + 1. Let j be y(-13). Calculate the greatest common factor of 28 and j.
14
Let k = -337 - -812. What is the greatest common factor of 19 and k?
19
Let b = 210 - 168. Calculate the greatest common divisor of 672 and b.
42
Let c(o) = o**3 + 13*o**2 - 10*o - 22. Let h be c(-8). What is the greatest common factor of h and 14?
14
Let t(u) = -u**2 - u + 20. Let f(y) = y**2 - 21. Let b(x) = 4*f(x) + 5*t(x). Let v be b(-6). What is the highest common divisor of v and 90?
10
Suppose -4*o - 79 = -3*y, 3*o + o = 4*y - 84. Let k = o + 10. Let r = 9 + k. Calculate the greatest common factor of 21 and r.
3
Let s(x) = x**2 + x**3 - 1 + 3*x - 5*x**3 + 3*x**3. Suppose 2 = -o + 2*f - 3, 5*o - f + 16 = 0. Let j be s(o). What is the greatest common factor of 182 and j?
26
Let y be -1 - -4 - (0/1)/(-1). Let q(i) = i**2 - 6*i. Let d be q(-6). Suppose y*h = -h + d. What is the highest common factor of 12 and h?
6
Let b(a) = -22 + 5*a - 15*a - a**3 - 8*a + 29*a**2 - 45*a**2. Let i be b(-15). Calculate the greatest common factor of 69 and i.
23
Let t(v) = 9*v - 228. Let a be t(33). Calculate the highest common factor of 3 and a.
3
Let q be 4104/95*30/24. Calculate the highest common divisor of q and 1350.
54
Let g(b) = 378*b - 14. Let s be g(1). Calculate the highest common divisor of 52 and s.
52
Suppose -45 = -2*a - 3*a. Suppose 0 = 160*q - 76 - 84. What is the highest common divisor of q and a?
1
Suppose -16 - 42 = -3*d - g, -5*d + 70 = -5*g. Suppose -4*f + 3*r = -f - 6, 2*f = 5*r + 4. Suppose f*a - 61 = -7. What is the highest common factor of d and a?
9
Suppose 5*s = -q + 3*q - 86, 3*s = 2*q - 82. What is the greatest common divisor of q and 19?
19
Let y(z) = -z**3 + 2*z**2 - 4*z - 8. Let u be y(-5). Let v = 310 - u. What is the greatest common divisor of 82 and v?
41
Let d(l) = l**2 + 10*l + 20. Let j be d(-8). What is the highest common factor of 5 and j?
1
Let r = 136 - 135. Calculate the highest common factor of r and 16.
